 thousands digit of 1078?
1
What is the hundreds digit of 671?
6
What is the units digit of 1190?
0
What is the hundreds digit of 515?
5
What is the tens digit of 1978?
7
What is the hundreds digit of 610?
6
What is the hundreds digit of 36773?
7
What is the tens digit of 121?
2
What is the tens digit of 115642?
4
What is the thousands digit of 1110?
1
What is the ten thousands digit of 21543?
2
What is the hundreds digit of 8497?
4
What is the ten thousands digit of 16076?
1
What is the units digit of 3102?
2
What is the tens digit of 8735?
3
What is the tens digit of 1546?
4
What is the hundreds digit of 1439?
4
What is the units digit of 19390?
0
What is the hundreds digit of 549?
5
What is the tens digit of 468?
6
What is the hundreds digit of 8508?
5
What is the tens digit of 46120?
2
What is the thousands digit of 13351?
3
What is the units digit of 74902?
2
What is the thousands digit of 5251?
5
What is the hundreds digit of 54771?
7
What is the thousands digit of 38619?
8
What is the hundreds digit of 502?
5
What is the tens digit of 9155?
5
What is the units digit of 30?
0
What is the hundreds digit of 21818?
8
What is the units digit of 21147?
7
What is the thousands digit of 4723?
4
What is the units digit of 40187?
7
What is the hundreds digit of 143?
1
What is the units digit of 217?
7
What is the thousands digit of 2789?
2
What is the tens digit of 13894?
9
What is the tens digit of 6298?
9
What is the thousands digit of 1410?
1
What is the units digit of 654?
4
What is the hundreds digit of 13828?
8
What is the hundreds digit of 2158?
1
What is the units digit of 8939?
9
What is the units digit of 33?
3
What is the tens digit of 2361?
6
What is the ten thousands digit of 112156?
1
What is the units digit of 449?
9
What is the units digit of 4404?
4
What is the ten thousands digit of 70500?
7
What is the thousands digit of 1263?
1
What is the hundreds digit of 1476?
4
What is the hundreds digit of 2232?
2
What is the ten thousands digit of 133792?
3
What is the units digit of 28?
8
What is the units digit of 795?
5
What is the hundreds digit of 487?
4
What is the tens digit of 914?
1
What is the hundreds digit of 5130?
1
What is the thousands digit of 5462?
5
What is the thousands digit of 42982?
2
What is the thousands digit of 5264?
5
What is the thousands digit of 1154?
1
What is the hundreds digit of 7836?
8
What is the hundreds digit of 292?
2
What is the thousands digit of 29167?
9
What is the hundreds digit of 71316?
3
What is the units digit of 43263?
3
What is the tens digit of 8020?
2
What is the tens digit of 251?
5
What is the thousands digit of 144796?
4
What is the thousands digit of 106963?
6
What is the ten thousands digit of 22049?
2
What is the tens digit of 2442?
4
What is the hundreds digit of 1837?
8
What is the thousands digit of 2509?
2
What is the units digit of 34075?
5
What is the tens digit of 1749?
4
What is the hundreds digit of 28270?
2
What is the units digit of 554?
4
What is the hundreds digit of 2083?
0
What is the units digit of 15761?
1
What is the thousands digit of 1488?
1
What is the thousands digit of 10048?
0
What is the hundreds digit of 327?
3
What is the units digit of 589?
9
What is the hundreds digit of 29049?
0
What is the units digit of 9284?
4
What is the tens digit of 158132?
3
What is the thousands digit of 1014?
1
What is the units digit of 50430?
0
What is the thousands digit of 9724?
9
What is the hundreds digit of 19773?
7
What is the ten thousands digit of 33580?
3
What is the units digit of 8134?
4
What is the hundreds digit of 1679?
6
What is the units digit of 28624?
4
What is the units digit of 2545?
5
What is the hundreds digit of 242?
2
What is the tens digit of 819?
1
What is the thousands digit of 81988?
1
What is the tens digit of 1067?
6
What is the tens digit of 33383?
8
What is the hundreds digit of 442?
4
What is the tens digit of 45817?
1
What is the tens digit of 1099?
9
What is the units digit of 14651?
1
What is the hundreds digit of 685?
6
What is the thousands digit of 6470?
6
What is the tens digit of 113?
1
What is the tens digit of 53350?
5
What is the tens digit of 569?
6
What is the tens digit of 1079?
7
What is the ten thousands digit of 16995?
1
What is the units digit of 31968?
8
What is the units digit of 6620?
0
What is the thousands digit of 1414?
1
What is the ten thousands digit of 30880?
3
What is the thousands digit of 3184?
3
What is the hundreds digit of 471?
4
What is the hundreds digit of 3351?
3
What is the hundreds digit of 34049?
0
What is the hundreds digit of 316?
3
What is the ten thousands digit of 26764?
2
What is the units digit of 11737?
7
What is the tens digit of 1344?
4
What is the thousands digit of 3115?
3
What is the hundreds digit of 28278?
2
What is the ten thousands digit of 10123?
1
What is the hundreds digit of 291?
2
What is the hundreds digit of 55339?
3
What is the thousands digit of 2811?
2
What is the units digit of 151792?
2
What is the units digit of 456?
6
What is the ten thousands digit of 111971?
1
What is the hundreds digit of 7015?
0
What is the thousands digit of 2674?
2
What is the units digit of 91147?
7
What is the hundreds digit of 47456?
4
What is the units digit of 5235?
5
What is the thousands digit of 14858?
4
What is the tens digit of 595?
9
What is the tens digit of 4685?
8
What is the units digit of 451?
1
What is the ten thousands digit of 51937?
5
What is the units digit of 267?
7
What is the hundreds digit of 3303?
3
What is the hundreds digit of 3582?
5
What is the hundreds digit of 6889?
8
What is the tens digit of 6846?
4
What is the units digit of 7861?
1
What is the units digit of 471?
1
What is the thousands digit of 12065?
2
What is the tens digit of 19157?
5
What is the hundreds digit of 141?
1
What is the units digit of 611?
1
What is the thousands digit of 3265?
3
What is the thousands digit of 4103?
4
What is the units digit of 192?
2
What is the thousands digit of 1067?
1
What is the tens digit of 11062?
6
What is the thousands digit of 76219?
6
What is the thousands digit of 3966?
3
What is the tens digit of 573?
7
What is the tens digit of 1034?
3
What is the hundreds digit of 20682?
6
What is the tens digit of 100178?
7
What is the tens digit of 21106?
0
What is the thousands digit of 33787?
3
What is the ten thousands digit of 64797?
6
What is the tens digit of 1790?
9
What is the hundreds digit of 25902?
9
What is the hundreds digit of 4944?
9
What is the units digit of 26426?
6
What is the thousands digit of 1623?
1
What is the units digit of 609?
9
What is the units digit of 4476?
6
What is the thousands digit of 7487?
7
What is the tens digit of 1271?
7
What is the hundreds digit of 259?
2
What is the units digit of 31?
1
What is the thousands digit of 9202?
9
What is the tens digit of 5998?
9
What is the units digit of 11867?
7
What is the ten thousands digit of 21105?
2
What is the tens digit of 1407?
0
What is the hundreds digit of 19428?
4
What is the units digit of 10569?
9
What is the tens digit of 7209?
0
What is the tens digit of 121?
2
What is the tens digit of 320?
2
What is the units digit of 1490?
0
What is the hundreds digit of 367?
3
What is the tens digit of 110587?
8
What is the tens digit of 63385?
8
What is the thousands digit of 8901?
8
What is the tens digit of 27554?
5
What is the ten thousands digit of 11943?
1
What is the tens digit of 7135?
3
What is the tens digit of 1285?
8
What is the hundreds digit of 1694?
6
What is the hundreds digit of 103969?
9
What is the units digit of 54152?
2
What is the tens digit of 59349?
4
What is the hundreds digit of 1336?
3
What is the units digit of 5817?
7
What is the hundreds digit of 4546?
5
What is the thousands digit of 27975?
7
What is the thousands digit of 1125?
1
What is the ten thousands digit of 125509?
2
What is the ten thousands digit of 13485?
1
What is the ten thousands digit of 145624?
4
What is the ten thousands digit of 87150?
8
What is the tens digit of 3057?
5
What is the thousands digit of 13280?
3
What is the units digit of 2265?
5
What is the hundreds digit of 628?
6
What is the tens digit of 155?
5
What is the tens digit of 1754?
5
What is the tens digit of 13621?
2
What is the thou